**2 - t. Let v be x(-7). Let s = -423 + 459. What is the highest common factor of v and s?
9
Suppose -4*b - 36 = -k, 5*k - 4*k - 32 = 2*b. Let n = 229 + -161. Let d = n + -26. Calculate the highest common factor of d and k.
14
Suppose 2*p = 2*b - 834, -2 = -p - 5. Calculate the highest common factor of b and 18.
18
Let d = 642 - -599. What is the greatest common divisor of d and 17?
17
Suppose -5*j + 2*j - 4*o = 2, 5*j - 8 = -o. Suppose -3*q - 186 = -7*q + j*n, 0 = -3*q + n + 139. What is the highest common factor of 23 and q?
23
Let i = -133 + 288. What is the highest common divisor of 248 and i?
31
Let n = -26 + 42. Suppose -9*h + 4*h + 100 = 0. Calculate the greatest common divisor of n and h.
4
Let a = 5 + -3. Suppose a*u - u - 4 = 0. Suppose u*z = 12 + 52. Calculate the greatest common divisor of z and 2.
2
Let o = 1474 + -1313. What is the highest common divisor of o and 46?
23
Let d be 0 - 2718/(-10) - 2/(-10). Calculate the greatest common divisor of d and 204.
68
Suppose -4*d = f - 2*f - 37, -85 = 5*f + 5*d. Let v = f + 24. Suppose l - 99 = -2*l. Calculate the highest common factor of l and v.
3
Let x = 2 + -2. Suppose -5*p = -x*p - 125. Calculate the greatest common factor of p and 10.
5
Suppose -5*r + 17 = 7. Suppose -h = r*b - 283, -3*b - 3*h = -0*h - 417. Suppose 3*p + 0*p = b. What is the highest common factor of p and 12?
12
Suppose -2*c = -3*c + 10. Suppose -9 + 25 = k + 4*j, 0 = 5*j - c. Suppose 6*h + 3*h - 108 = 0. What is the greatest common factor of k and h?
4
Let s(c) = 4*c**2 - 15*c - 22. Let m be s(-10). What is the highest common factor of 22 and m?
22
Let u be (0 - (-4)/6)/(2/12). Suppose a + z - 14 = -2*z, -u*a = -3*z - 26. Let t be (-7)/(-3) + 2/(-6). What is the highest common factor of a and t?
2
Let f = 12 + -1. Suppose 0 = 399*g - 378*g - 231. What is the highest common divisor of f and g?
11
Let j = -255 - -274. What is the greatest common divisor of 247 and j?
19
Suppose 0 = 590*n - 593*n + 3402. Calculate the highest common divisor of n and 14.
14
Suppose -t = 5 - 18. Suppose -55*j + 151 = -1114. Let a = j - t. What is the highest common divisor of a and 25?
5
Suppose 9*f = 7*p + 6*f - 563, 3*f - 130 = -2*p. Let d = -1 + 8. What is the greatest common divisor of p and d?
7
Suppose -396 = -6*c - 5*c. What is the highest common divisor of 477 and c?
9
Let y = -408 - -691. Suppose t - 78 = -c, 2*c = -5*t + y + 104. Calculate the highest common divisor of t and 7.
7
Let m = 21 - 17. Let v = -73 - -81. What is the greatest common divisor of v and m?
4
Suppose 5*y - 136 = -21. Calculate the greatest common divisor of y and 897.
23
Let j be (-2 - 108)*7/(-7). Suppose 2*i = -6 - 4, -2*i = 4*d + j. Let n = d + 41. Calculate the greatest common factor of n and 32.
16
Let g(q) = q + 94. Let a be g(-26). What is the greatest common factor of 17 and a?
17
Let g(k) = 9*k + 1. Let q be g(6). Suppose -6*t + 24 = 6. Suppose t*l - 3 = 30. What is the greatest common factor of q and l?
11
Suppose d + 21 + 16 = 3*o, -5*o + 4*d + 57 = 0. Let g = 24 - o. Suppose g*m - 18 = 9*m. What is the highest common factor of m and 72?
9
Let p be 485/3 - (-3)/((-54)/12). What is the highest common factor of p and 14?
7
Let g(j) = 20*j - 5. Let t be g(12). Suppose -t = 4*c + 185. Let r be (-15)/c + (-82)/(-14). What is the highest common divisor of r and 42?
6
Let r = -1 - -8. Suppose -12 = -2*q - 54. Let h be (-2)/7 - 69/q - -11. What is the greatest common factor of h and r?
7
Suppose -12 = -2*l - 4*u, -2*u + 0 + 8 = 2*l. Let s be 5/(-5) + 38/l. Suppose 5*k = 73 - s. Calculate the greatest common divisor of 22 and k.
11
Suppose -11*u = -4*u - 42. Suppose s = -a + 115, -5*s + 2*a + 425 = -115. Suppose u*p - s = p. Calculate the highest common divisor of p and 33.
11
Suppose -105*c = -104*c - 65. What is the highest common factor of 40 and c?
5
Let j(o) = -o**3 + 9*o**2 - 14*o + 3. Let r be j(6). Let d = 15 + -12. What is the highest common factor of d and r?
3
Suppose 55*m - 72 = 46*m. What is the greatest common divisor of m and 20?
4
Let t = -1324 - -1639. Calculate the greatest common divisor of 42 and t.
21
Let s(w) = -w**3 - 32*w**2 + 144*w + 10. Let i be s(-36). Calculate the highest common divisor of 5380 and i.
10
Let t = 473 - 189. Suppose 0 = 2*k + n - t, n + 574 = 2*k + 2*k. Calculate the greatest common divisor of 13 and k.
13
Let g be ((-18)/3)/(-2)*22/33. What is the highest common factor of 16 and g?
2
Suppose -p = 2*i + 4 - 49, 0 = -3*i + 3*p + 63. Calculate the greatest common factor of 143 and i.
11
Let l(v) be the third derivative of -5*v**4/12 - 5*v**3/6 - 16*v**2. Let t be l(-2). What is the highest common factor of t and 105?
15
Let v = -5 - -19. Let u(i) = 2*i**2 - 18*i + 28. Let w be u(v). Suppose -91 = -4*o - n, -2 = n + 3. Calculate the greatest common factor of w and o.
24
Let h be 6/(-1) + 1540/11 + -2. What is the highest common factor of h and 12?
12
Let q(d) = 9*d**2 + 66*d - 32. Let s be q(-8). What is the greatest common factor of s and 32?
16
Let c(x) be the first derivative of -3*x**2/2 + 20*x - 52. Let i be c(4). What is the highest common divisor of 64 and i?
8
Suppose 5*v = 2*v - 6, 0 = 2*m + 4*v - 1412. Calculate the highest common factor of 10 and m.
10
Let m(p) = 14*p + 1. Let g be m(1). Suppose 4*s - 4*c + 202 - 62 = 0, c - 155 = 5*s. Let o = s + 40. What is the greatest common factor of o and g?
5
Suppose -2*p = -5*p + 6, -22 = -t - 3*p. Let i = t - 12. Suppose -l = -5*x + 125, 2*l + l = i*x - 89. Calculate the highest common divisor of 130 and x.
26
Suppose 5*p - i = 30 - 5, p + 4*i - 26 = 0. Suppose -p*k + k + 1400 = 0. Calculate the highest common factor of 35 and k.
35
Let l(y) = -2*y**3 - y**2 + 4*y. Let w be l(-2). What is the highest common divisor of w and 64?
4
Suppose -w = -5*w + 180. Let u = -27 + 38. Let i = u - 2. What is the greatest common divisor of w and i?
9
Suppose -5*r + 10 + 0 = 0. Suppose 6*w - 68 = r*w. Suppose 0 = 4*f - w - 31. What is the highest common divisor of f and 108?
12
Let y be 2 - 78 - (1 + -1 - 4). Let o = -63 - y. Calculate the highest common factor of o and 63.
9
Let v be (-6)/(-13) + 10584/52. What is the greatest common factor of v and 24?
12
Let k(t) = 3*t**2 + 7*t - 1. Let i be k(-5). Let g be 78*(-20)/(-56)*7. What is the greatest common divisor of i and g?
39
Suppose -16*t + 6 = -18*t, 3891 = 2*v + 3*t. Calculate the greatest common divisor of 156 and v.
78
Let t be 346*(-3)/18*3. Let r = 243 + t. Suppose 5*g - r = -4*c, -c = -g + 2*c - 5. What is the greatest common factor of 70 and g?
10
Suppose 0 = 3*q - 5*q + 100. Suppose m + 5 = 5*l, 16*m - 28 = 12*m + 4*l. Calculate the highest common divisor of m and q.
10
Suppose 4*d - 5*d = -4*g + 76, 3*d + 84 = 4*g. What is the highest common divisor of g and 36?
18
Let s = 93 - 61. Suppose 2*c + z + 4 = -z, -4*c + 4*z = -s. Calculate the highest common factor of 27 and c.
3
Suppose 9*c - 76 = 7*c. Calculate the highest common factor of 304 and c.
38
Let w be (-24)/(-2) + 1/(-1). Suppose 18*i - 13*i = -5*d + 505, -4*d - i + 398 = 0. Calculate the greatest common factor of d and w.
11
Let w(y) = 58*y - 162. Let u be w(6). Calculate the highest common factor of 93 and u.
93
Suppose 4*q + x = 100, -4 = -2*q + 5*x + 24. Suppose y + 2*y - 144 = 0. Calculate the highest common divisor of y and q.
24
Suppose 0 = -3*d + 5*p + 14, 7*d - 3*d - 4*p - 16 = 0. Let a = -142 - -175. Calculate the highest common divisor of d and a.
3
Let w be (2 - -1 - -20) + -2. Let q be 52/(-130) - 2314/(-10). Calculate the greatest common factor of w and q.
21
Let q(r) = 128*r - 889. Let l be q(7). Suppose 0 = 6*o - o - 385. What is the greatest common factor of l and o?
7
Suppose -13*j + 118 = -168. Calculate the greatest common factor of j and 22.
22
Let a be -8 + 1/((-1)/(-3)) - -36. What is the greatest common factor of a and 62?
31
Suppose -3*k = 3*t - 270, -13*k + 9*k - 2*t + 360 = 0. What is the greatest common factor of 855 and k?
45
Suppose 4*r + 12 = 2*o, -5*o + 5*r + 6 = -9. Let c be (o + 2 + -2)*-1 + 242. What is the highest common divisor of c and 22?
22
Let p = -254 + 384. Calculate the highest common factor of 10 and p.
10
Let u = 8 + -6. Suppose -2*g - 2*q = -20, -3*g = -3*q - 2*q + u. Let c(r) = 4*r**2 - 4*r + 6. Let i be